 the remainder when h is divided by 15?
10
Suppose 5*r - 329 = -3*h, -272 = -0*r - 4*r + 2*h. Calculate the remainder when 193 is divided by r.
59
What is the remainder when 63 is divided by 17/(-68) - 114/(-8)?
7
Calculate the remainder when (-2*2/20)/(26/(-9490)) is divided by 37.
36
Let c be 50/(-2) - 2*1. Let v = 47 + c. Calculate the remainder when -4*4/(-32) + 2718/36 is divided by v.
16
Suppose -8 = 2*i - 6*i. Suppose i*h = 2*k + 84, -2*h + 0*h - 2*k = -80. Calculate the remainder when h is divided by 15.
11
Let q = -38 + 68. Let g = -5 - -14. Calculate the remainder when 29 is divided by (3 + 0)*q/g.
9
Let g(d) = 10*d + 2. Let t be g(5). Let n = t - 16. What is the remainder when 105 is divided by n?
33
Suppose 5*g + 68 + 132 = 0. Let m = -35 - g. Suppose 89 + 16 = m*x. Calculate the remainder when x is divided by 5.
1
Let x = 16 + -1. Let l(f) = -f**3 - 4*f**2 + 4*f - 6. Let b = 0 - 6. Calculate the remainder when l(b) is divided by x.
12
Let b = 1 - -22. Let i be (-2)/(-3)*279/6. Let j = i - 22. Calculate the remainder when b is divided by j.
5
Let s = -545 - -895. Calculate the remainder when s is divided by 83.
18
Suppose -4*i - 47 = -5*i. Let l = 99 - i. What is the remainder when l is divided by 14?
10
Let i(x) = -x + 11. Let o be i(-9). Let g(y) = -4*y - 1. Let w be g(2). Let h = o + w. Calculate the remainder when 30 is divided by h.
8
Let i(r) = -3*r + 3. What is the remainder when 111 is divided by i(-19)?
51
Let l(s) = -10*s**2 + 4*s - 2. Let g be l(2). Let b = g + 61. Suppose 2*x - 5*r = 39, 0*x - r = -2*x + 19. What is the remainder when b is divided by x?
6
Let n(y) = 4*y**2 - y - 8. Let o be n(8). Suppose 6*f = -2*f + o. Calculate the remainder when 107 is divided by f.
17
Let j be (-315)/(-12) + 3/4. Let x = 50 - j. Calculate the remainder when 42 is divided by x.
19
Let t(j) = -2*j - 41. Let a be t(-21). Suppose 2 = l + 2*o, -l - 2 = 5*o - a. Calculate the remainder when 17 is divided by l.
1
Let x = 24 + 7. Calculate the remainder when x is divided by 9.
4
Let o(z) = z**2 - 15*z - 4. Let c(g) = g**2 + 4*g + 19. Let s be c(-3). What is the remainder when o(s) is divided by 5?
2
Let c = 12 + -12. Suppose 0 = o - c - 6. Suppose 2 = -s + o. What is the remainder when 13 is divided by s?
1
Suppose 2*q + 15 = 91. What is the remainder when 720 is divided by q?
36
Suppose -14*o + 13*o + 4 = 0, 0 = 2*q - 4*o - 30. Calculate the remainder when 3217 is divided by q.
20
Suppose -7*x = 2*s - 3*x - 70, 5*s = 5*x + 145. Suppose 0 = -4*f - 3*p + 51, 2*f + 2*f - p = s. Calculate the remainder when 42 is divided by f.
6
Suppose -44*w = -73*w + 2465. What is the remainder when 231 is divided by w?
61
Suppose 0 = -5*f + 5*x + 20, 9*x = 3*f + 4*x - 16. Suppose 0*q + f*q = 282. Calculate the remainder when q is divided by 36.
33
Let d be (-6 - -4) + (-6)/(-2). What is the remainder when -4 - -7 - d - -19 is divided by 11?
10
Suppose s = 43 - 18. What is the remainder when s is divided by 14?
11
Suppose 8*z - 23*z = -4260. Let v = z - 197. What is the remainder when v is divided by 10?
7
Suppose -3*g = 5*v - 226, -4*g - v - 2*v + 316 = 0. Suppose g = 4*o + 2. Let t = o - 14. Calculate the remainder when t is divided by 2.
0
Let j(d) = -4*d + 4. Let b = 24 - 12. Let u be b/(-102) - 166/34. What is the remainder when j(u) is divided by 13?
11
Let y = -9 + 22. Let k = -437 + 500. Calculate the remainder when k is divided by y.
11
Let r(z) = 4*z**2 + 10*z - 43. What is the remainder when r(7) is divided by 57?
52
Suppose -3*w + 2*o + 26 = -7*w, 19 = -w - 3*o. What is the remainder when (3 - 1)*-10*3/w is divided by 5?
0
Suppose 4*b = -5*a + 73 - 14, 0 = -b + a + 17. What is the remainder when b is divided by 4?
0
Suppose -r - 86 = -3*f, -3*f + 31 = -2*f + 2*r. Let y(s) = 3*s - 2. Let x be y(3). Let z(c) = c**2 - 5*c - 4. Calculate the remainder when f is divided by z(x).
9
Let i(h) = 6*h - 1. Let l = -380 - -432. What is the remainder when l is divided by i(2)?
8
Suppose -2*g + 34 = 20. Calculate the remainder when 29 is divided by g.
1
Suppose -196 = 7*j - 0*j. Let g = j + 58. Calculate the remainder when 89 is divided by g.
29
Let q(f) = 186 - 87 - 87 + 8*f. Calculate the remainder when q(5) is divided by 14.
10
Let d = 22 - 10. Suppose -6*f = -3*o - 3*f - 435, -d = -3*f. Calculate the remainder when 24 is divided by 8/(-20) - o/15.
6
Suppose 0 = -10*p + 63*p - 3657. Calculate the remainder when 206 is divided by p.
68
Calculate the remainder when (-1 - -75)*(-4)/(-8) is divided by 86/4 - (-20)/(-8).
18
Suppose -3*u + 4*b - 20 = 0, -u = -2*b - 0 + 10. Suppose -6*w + 15*w - 54 = u. Calculate the remainder when 59 is divided by w.
5
Let w be (-2)/(-18) + (-3936)/(-54). Suppose m + w = 2*m - q, -5*q - 296 = -4*m. Calculate the remainder when m is divided by 37.
32
Suppose -k = -191 + 7. Suppose -4*u + 4 + k = 0. What is the remainder when u is divided by 25?
22
Suppose 0 = -j - j - 2*k - 6, 3*k = -15. What is the remainder when 11 is divided by j?
1
Suppose 35 = a - 10. Suppose 0 = -l + 5 - a. What is the remainder when (43/(-4))/(5/l) is divided by 22?
20
Let k = -3 - -7. Suppose -k*h - h = -70. Calculate the remainder when h is divided by 1 + 1 + 2 + 1.
4
Let c be (-4)/(-8)*6*-1*1. Calculate the remainder when 9 is divided by 5 - ((-2)/c)/((-2)/3).
3
Let w = -22 - -42. Suppose w = 4*d, t - d = d + 2. Calculate the remainder when (-3)/(-6) + 1122/t is divided by 24.
22
Suppose -m + 3 = -4. Calculate the remainder when 13 is divided by m.
6
Suppose 2*c = -13 + 81. What is the remainder when 2919/45 + (-60)/(-450) is divided by c?
31
Suppose 2*t + 3*t = 2*k - 6, 0 = 2*t - 2*k + 6. Suppose 5*u - 50 = -5*w, t*u - 5*w - 85 = -4*u. Calculate the remainder when u is divided by 4.
3
Let r(x) = -x**2 + 20*x + 46. Let q be r(22). What is the remainder when 28 is divided by (q - 0) + 112/7?
10
Let u(g) = -6*g - 6. Suppose -2*j - 60 = -b, 0 = b + 3*j + 261 - 341. What is the remainder when b is divided by u(-5)?
20
Suppose 2*u - 3*b = 27, 2*u - b + 7 - 32 = 0. Suppose 7*x = 2*x + 185. Let i = x - u. Calculate the remainder when 98 is divided by i.
23
What is the remainder when 60 is divided by 339/12 + (-45)/180?
4
Let b(x) be the third derivative of 1/120*x**6 + 0 - 1/5*x**5 + 13/24*x**4 + x**2 + x**3 + 0*x. What is the remainder when b(11) is divided by 10?
8
Let q(w) = -52*w**3 - 3*w**2 - 3*w - 1. Let r be q(-2). Let j = r - 234. Suppose j = 5*s + 5. What is the remainder when s is divided by 18?
16
Suppose 0 = 4*o - 10 - 54. Calculate the remainder when 51 is divided by o.
3
Suppose 7*c + 246 = 8*c. Let w = c + -168. What is the remainder when w is divided by 20?
18
Suppose -4*i = -17 - 3. Suppose 2*j - 2*b = -3*j + 188, 115 = 3*j + b. Suppose 4*q + 31 + j = 3*h, -q = 0. Calculate the remainder when h is divided by i.
3
Suppose -14*b + 806 = -706. What is the remainder when b is divided by 23?
16
Suppose 2*x = -3*x + 55. Let d be 2/3*(-627)/x. Let y = d - -72. What is the remainder when y is divided by 9?
7
Let z(d) = -d**3 + 5*d**2 + 5*d + 7. Let w be 2/(-8) - (-3 - 126/(-8)). Let j(i) = -i**2 - 11*i + 28. What is the remainder when j(w) is divided by z(6)?
0
Let k = -10 - -7. Let m(t) = t**3 + 4*t**2 + 2*t - 3. Let u be m(k). Suppose 4*f - 24 - 68 = u. Calculate the remainder when 45 is divided by f.
22
Let g(c) = 56*c**2 + 31*c + 92. Calculate the remainder when g(-3) is divided by 72.
71
Let g(w) = -10*w**2 + 129*w + 23. Calculate the remainder when g(12) is divided by 58.
15
Suppose 2*j + j = 4*m + 13, 2*m = -8. Let a be 3*(196/6 + j). Let y = a - 50. Calculate the remainder when y is divided by 12.
9
Suppose 19*f = -6*f + 325. What is the remainder when 51 is divided by f?
12
Suppose 4*f + 4*v - 9 = 11, f + 2*v - 4 = 0. What is the remainder when 109 is divided by f?
1
Let g = 454 + -441. What is the remainder when 6250 is divided by g?
10
Suppose -70 = -2*g + 16. Suppose 5*b = 6*b - 4. Calculate the remainder when g is divided by (-138)/b*(-36)/54.
20
Let w(t) = 42*t**2 + 2. What is the remainder when w(1) is divided by (-3)/(36/20 - 2)?
14
Let j be 2/(-3) + 119/21. Calculate the remainder when ((-1230)/(-25))/(2/j) is divided by 31.
30
Let y(r) = 245*r**2 - 5*r + 2. What is the remainder when y(1) is divided by 61?
59
Let z = -28 - -33. S